17 + 5, 0 = -4*s - v + 9. Suppose -9 - s = 4*j. Calculate l(j).
1
Let v(d) = d**2 + 3*d - 2. Suppose 5*c + 3*l - 23 = 0, -4*c - 4*l - 4 = -24. Suppose c*p = -3 + 11. Suppose -4*u - 10 = p. Calculate v(u).
-2
Let m(s) = -75 + 4*s**2 + s**3 + 2*s**2 + 67. Determine m(-6).
-8
Let z(a) = 10*a**2 + a + 1. Let d(x) = 3*x + 3. Let b be d(4). Let f = b - 7. Let q = -9 + f. What is z(q)?
10
Suppose 3*g - 3 = -0*g. Let h(i) = g - 3*i - i - 4 - i. Give h(-2).
7
Let g(v) = -39*v - 3. Let w(z) = 1 + 8 + 13*z - 8. Let h(x) = -6*g(x) - 17*w(x). Calculate h(1).
14
Let f(j) be the third derivative of -j**6/120 - j**5/15 - j**4/24 + 2*j**3/3 + 5*j**2. What is f(-3)?
-2
Let t = 4 + -7. Let n = t + -1. Let p(q) = 5*q - 5 - q - 6*q. What is p(n)?
3
Let h(z) = 0*z - 7 - 4*z + 3*z + 0*z. Let r be 2*(-21)/6 + 1. Calculate h(r).
-1
Let t be 1*(-1 - (1 - 4)). Let j = -2 + t. Let f(p) = 1 - 5*p - 3 + j. Determine f(-2).
8
Let r(n) = 2*n - 7. Let y be r(7). Let a be ((-18)/21)/((-1)/y). Let h(g) = -g**2 + 6*g + 3. Calculate h(a).
3
Let n(t) = -5*t - 7. Let m be n(-5). Suppose -3*w + 6*w = -m. Let a(x) = -x**2 - 7*x - 8. Determine a(w).
-2
Let o(p) be the second derivative of -p**3/6 - 5*p**2/2 + 9*p. Calculate o(-4).
-1
Let v = -6 + 6. Suppose -4*u = 2*h - v + 2, 1 = -3*u - 2*h. Let r(s) = 6*s**2 - 2*s - 1. Determine r(u).
7
Let b(s) = s + 2. Let h = 28 - 19. Suppose -c = 4*v + h, 3*c - v - 18 = 2*v. What is b(c)?
5
Let y = 20 - 17. Let p(n) = -n**3 + 3*n**2 - n - 4. Determine p(y).
-7
Let x = 67 - 67. Let p(w) = w**2 + w - 1. Give p(x).
-1
Let v(w) be the second derivative of -w**4/12 + 5*w**3/6 - w**2/2 + w + 28. Give v(2).
5
Let p(r) be the second derivative of -r**5/20 - r**4/12 - r**3/6 - r**2 - r. Let f be 3/(-6) + (-3)/6. Let q(u) = -u**2 + 1. Let c be q(f). Give p(c).
-2
Let x(z) = 1. Let h(k) = -k + 3. Let u(p) = h(p) + 3*x(p). Let r be u(5). Let g(d) = d - 1 + 3*d + 2*d. Determine g(r).
5
Suppose -20 - 16 = 4*l. Let p = 4 + l. Let q(c) = -c**2 - 4*c + 5. What is q(p)?
0
Suppose 3*p - 12 = -2*d, p = -3*p - 2*d + 18. Let u(b) = -b**2 - 4*b - 3. Let o(j) = 1. Let y(x) = p*o(x) + u(x). Calculate y(2).
-9
Suppose 2*c + 36 = -0*c + 4*n, 5*c + 105 = -5*n. Let m be (-5)/c + (-17)/4. Let u(i) = i**2 + 5*i + 2. Determine u(m).
-2
Let b(x) = -x + 4. Let n be b(6). Let d(g) be the third derivative of -g**6/120 - g**5/30 - g**4/12 - g**3/2 + 76*g**2. What is d(n)?
1
Let a(d) = 2*d + d**2 + 6*d - 10*d + 4*d. Let x(s) = -s**2 + s + 2. Let y be x(0). Give a(y).
8
Let b(p) = -4*p**2 - 4*p**2 + 7*p**2. Suppose 3*t - 4*t + 5 = 0. Suppose -7*l = -2*l - t. Calculate b(l).
-1
Let p(k) = 2*k + 1. Let x be p(-1). Let f(v) = -13*v**3 + 2*v**2 - 1. What is f(x)?
14
Let k(z) be the first derivative of -7*z**2/2 - 6*z + 1. Let o be -2 + (4 - 8) + 12. Let l(x) = 8*x + 7. Let j(n) = o*k(n) + 5*l(n). Calculate j(2).
-5
Let j(u) = -1 + 15 - 12 - u. What is j(0)?
2
Let k(b) = -b. Suppose 4 + 36 = -5*j. Determine k(j).
8
Suppose 3*n = 3*p - 21, 2*n - 5*n + p = 11. Let r(f) = 2*f**3 + 4*f**2 + 5*f - 4. Let s(c) = 2*c**3 + 4*c**2 + 4*c - 3. Let y(k) = 2*r(k) - 3*s(k). Give y(n).
5
Suppose -3*m + 29 = 3*y - 1, -3*m = y - 8. Let i = y + -6. Suppose 2*a - 10 - 7 = -5*h, -i*a + 8 = h. Let k(x) = -x**2 + 2*x + 1. Calculate k(h).
-2
Let n(o) be the second derivative of o**5/120 + o**4/3 + o**3/3 - o. Let g(w) be the second derivative of n(w). What is g(0)?
8
Let o(r) = 17*r + 11. Let a be o(-1). Let f(t) = -3*t - 5. What is f(a)?
13
Let u(y) = -y - 1. Let r(f) = -f - 2. Let w(l) = r(l) - 5*u(l). Calculate w(-3).
-9
Let i(d) be the first derivative of -7*d**4/24 - 3*d**2 + 4. Let t(x) be the second derivative of i(x). Give t(2).
-14
Let p(z) = -z**3 + 9*z**2 + 10*z - 12. Let t(j) = 2*j**3 - 19*j**2 - 20*j + 25. Let n(k) = -7*p(k) - 3*t(k). What is n(7)?
-12
Let i = 2 + -1. Let c(l) = -3*l + 3*l - l - l**3 + i + 5*l**2. Calculate c(5).
-4
Let o(p) = -16*p + 5. Let t(y) = 3*y - 1. Let m be 2/(-6)*(-4 + -2). Let z(v) = m*o(v) + 11*t(v). Give z(5).
4
Let g(p) = p**3 - 6*p**2 + 3*p + 5. Suppose 3*o - y = -o + 24, -2*o + 26 = -4*y. Let j be g(o). Let h(n) = -n + 2. What is h(j)?
7
Let c(j) = -1 + 2*j - 4 + 4. Let q be c(3). Let m(r) = r**3 - 6*r**2 + 6*r + 5. Give m(q).
10
Let t(w) = -w**2 - 3*w + 4. Let i(q) = -q**2 - 2*q + 3. Let r(m) = 5*i(m) - 4*t(m). Determine r(1).
0
Suppose 0 = -12*d + 15*d - 24. Let i(t) = -t**2 + 8*t - 4. Give i(d).
-4
Let q = 6 + -4. Suppose -v - 15 = -q*s, 3*v - 2*v + 10 = s. Let b(z) = -z - 7. Let k be b(v). Let l(n) = -n**3 - 3*n**2 - 2*n - 2. Give l(k).
-2
Let s(o) = o - 1. Let q(k) = 2*k - 2. Let g(x) = -2*q(x) + 5*s(x). Let z(u) = -12*u - 112. Let p be z(-9). What is g(p)?
-5
Let r(p) = p**3 + 2*p**2 - 3*p + 3. Let a = -13 - -7. Let y = -4 - -1. Let m = a - y. What is r(m)?
3
Let k(i) = 0*i**2 + 2*i**2 - 2*i**2 + i**2 - 1 - 2*i. Calculate k(2).
-1
Let b(w) = 7*w**2 + 7*w - 7. Let t(a) = -6*a**2 - 7*a + 6. Let i(u) = 5*b(u) + 6*t(u). Determine i(-6).
7
Let t(g) = g**3 + 7*g**2 + g + 9. Let i be t(-7). Suppose 2*j + 2 = 4. Let l(z) = 1 - z**2 + i*z**2 + j. What is l(3)?
11
Let q(k) = 11*k - 4*k**2 + 7*k**2 + k**3 + k**2 - 1 - 12*k. What is q(-3)?
11
Let h(m) be the third derivative of 5*m**4/24 + m**2. Let q be h(1). Let o(f) = -f**3 + 6*f**2 - 6*f + 7. What is o(q)?
2
Let f(x) = 1 + 18*x - x**2 - 33*x - 2*x**3 + 15*x. What is f(-2)?
13
Let p(i) be the first derivative of -i**2/2 - 5*i + 2. Let v(u) = u**3 - 11*u**2 + 10*u + 4. Let s be v(10). Determine p(s).
-9
Suppose 0 = -w - 5*f - 15, w + 0*w + 2*f + 6 = 0. Let y(a) be the third derivative of 0 - 1/2*a**3 + a**2 + 0*a + 1/24*a**4. Calculate y(w).
-3
Let t = -8 - -14. Let b(p) be the third derivative of p**2 + 1/20*p**5 - 7/24*p**4 + 0*p + 1/120*p**t - p**3 + 0. What is b(-4)?
6
Let g(u) = -u**2 + 7*u + 1. Suppose q - 2 = 0, t - 2*q + 3 = 6. Let s be g(t). Let r(v) = 8*v**3 - v**2 + 2*v - 1. Determine r(s).
8
Let p(t) = -2*t**3 + 2*t**2 + t + 2. Suppose 4*i - 6 = 5*i. Let r be 9/i*(-1 + -3). Suppose o = -0*o - 5*w - 8, -w = -2*o + r. Give p(o).
-4
Let x(w) = 4*w**2 - 6*w - 4. Let h(g) = -g**2 + g + 1. Let t(a) = 5*h(a) + x(a). Let i(l) = -4*l. Let p be i(2). Let r be (3/(-6))/(2/p). Determine t(r).
-5
Let f be 10/(-4)*2*-1. Suppose -2*t + 6 = f*b - 14, -3*b = -4*t + 14. Let m(s) = -2*s**2 - s + 1. Calculate m(b).
-9
Suppose -q = q + 2. Let v(x) = 5*x - 1. Let t(j) = 4*j - 1. Let i(n) = 6*t(n) - 5*v(n). What is i(q)?
0
Let d(x) = x**3 - 7*x**2 + 3*x + 6. Let l(g) = -g**2 + 17*g - 10. Let c be l(16). Determine d(c).
-12
Suppose -44 = 10*d - 4. Let m(y) be the first derivative of y**3/3 + 3*y**2/2 - 3*y + 1. Determine m(d).
1
Let l(d) be the second derivative of d**5/20 - d**3/6 - d**2/2 - 7*d. Suppose -4 = 3*s - 1. Determine l(s).
-1
Suppose 3*c = -3 + 15. Let q(k) = -k**3 + 9*k**2 - 3*k - 4. Let a(x) = 2*x**3 - 17*x**2 + 6*x + 8. Let i(b) = 3*a(b) + 5*q(b). Calculate i(c).
-16
Let r(a) = -a**2 + 4*a - 1. Suppose 4*k = -2*j + j - 22, -2*j = -5*k - 34. Let v(i) = -8 - 4*i + i + i**3 + i + 6*i**2. Let m be v(k). What is r(m)?
-1
Let j(x) be the first derivative of 3*x**2 + x + 1. Let a be (-5)/(-15)*9 + (1 - 5). What is j(a)?
-5
Let f(b) = b**2 - b - 1. Let r(w) = -w**3 - 8*w**2 + 6*w + 7. Suppose 6*c - j - 5 = 2*c, j = -c. Let d(k) = c*r(k) + 4*f(k). Give d(-4).
-5
Let c(m) = -m + 3*m + m**2 - m. Suppose -6*n + 12 = -10*n. Determine c(n).
6
Let p(b) = -b - 2 + 2 + 5*b + 5. Determine p(-6).
-19
Let h = -11 + 7. Let v(g) = g + 2. Give v(h).
-2
Let s(c) be the second derivative of -c**5/20 - c**4/6 - 64*c. Give s(-3).
9
Suppose 0 = -4*s + 3*s + 4. Suppose -s*f = -f - 9. Let y(k) = -f*k - 6 + 0*k + k + 2. Calculate y(-5).
6
Let k = -3 + 5. Let m(t) = -6*t + 2. Calculate m(k).
-10
Let b(w) = w**2 - 6*w + 4. Let n = -19 - -22. Determine b(n).
-5
Let v = 0 - -5. Suppose -4*i + 9 = -v*h + 35, -5*i + 2*h - 41 = 0. Let y be -1 - (-5)/(15/i). Let a(d) = -d**2 - 3*d + 4. What is a(y)?
0
Let k be (-9)/(-30) - (-1 + (-8)/(-10)). Let l(y) be the first derivative of -4 + k*y**2 + 3*y. Calculate l(-4).
-1
Suppose 7*s - 4*s + 24 = 0. Let v = 6 + s. Let x be (-5)/3*(v + -1). Let r(k) = -k**3 + 6*k**2 - 6*k. Determine r(x).
-5
Suppose 3*a + 40 = 11*a. Let n be 3 - (1 + -2)*1. Let s(d) = d**2 + n + 1 - 6*d - 1. Calculate s(a).
-1
Let v(t) = -2*